[INFO] cloning repository https://github.com/sakamt/da-lab
[INFO] running `Command { std: "git" "-c" "credential.helper=" "-c" "credential.helper=/workspace/cargo-home/bin/git-credential-null" "clone" "--bare" "https://github.com/sakamt/da-lab" "/workspace/cache/git-repos/https%3A%2F%2Fgithub.com%2Fsakamt%2Fda-lab", kill_on_drop: false }`
[INFO] [stderr] Cloning into bare repository '/workspace/cache/git-repos/https%3A%2F%2Fgithub.com%2Fsakamt%2Fda-lab'...
[INFO] running `Command { std: "git" "rev-parse" "HEAD", kill_on_drop: false }`
[INFO] [stdout] d389ee97c4d533a38dd4ac7202cf26ce3170f161
[INFO] checking sakamt/da-lab against master#cfbc6d4cf1acbac5c025acf8ed68929caa551df3 for pr-75494-beta
[INFO] running `Command { std: "git" "clone" "/workspace/cache/git-repos/https%3A%2F%2Fgithub.com%2Fsakamt%2Fda-lab" "/workspace/builds/worker-1/source", kill_on_drop: false }`
[INFO] [stderr] Cloning into '/workspace/builds/worker-1/source'...
[INFO] [stderr] done.
[INFO] validating manifest of git repo https://github.com/sakamt/da-lab on toolchain cfbc6d4cf1acbac5c025acf8ed68929caa551df3
[INFO] running `Command { std: "/workspace/cargo-home/bin/cargo" "+cfbc6d4cf1acbac5c025acf8ed68929caa551df3" "read-manifest" "--manifest-path" "Cargo.toml", kill_on_drop: false }`
[INFO] started tweaking git repo https://github.com/sakamt/da-lab
[INFO] finished tweaking git repo https://github.com/sakamt/da-lab
[INFO] tweaked toml for git repo https://github.com/sakamt/da-lab written to /workspace/builds/worker-1/source/Cargo.toml
[INFO] crate git repo https://github.com/sakamt/da-lab already has a lockfile, it will not be regenerated
[INFO] running `Command { std: "/workspace/cargo-home/bin/cargo" "+cfbc6d4cf1acbac5c025acf8ed68929caa551df3" "fetch" "--locked" "--manifest-path" "Cargo.toml", kill_on_drop: false }`
[INFO] [stderr]  Downloading crates ...
[INFO] [stderr]   Downloaded derive-new v0.5.0
[INFO] [stderr]   Downloaded float-cmp v0.2.4
[INFO] [stderr]   Downloaded rmp-serde v0.13.6
[INFO] [stderr]   Downloaded lapack-sys v0.11.7
[INFO] [stderr]   Downloaded lapack v0.13.2
[INFO] [stderr]   Downloaded blas-sys v0.6.9
[INFO] [stderr]   Downloaded derive-new v0.4.0
[INFO] [stderr]   Downloaded ndarray-linalg v0.6.0
[INFO] [stderr]   Downloaded ndarray v0.10.5
[INFO] [stderr]   Downloaded ndarray-odeint v0.7.0
[INFO] [stderr]   Downloaded openblas-src v0.5.4
[INFO] [stderr]   Downloaded enum-error-derive v0.1.1
[INFO] running `Command { std: "docker" "create" "-v" "/var/lib/crater-agent-workspace/builds/worker-1/target:/opt/rustwide/target:rw,Z" "-v" "/var/lib/crater-agent-workspace/builds/worker-1/source:/opt/rustwide/workdir:ro,Z" "-v" "/var/lib/crater-agent-workspace/cargo-home:/opt/rustwide/cargo-home:ro,Z" "-v" "/var/lib/crater-agent-workspace/rustup-home:/opt/rustwide/rustup-home:ro,Z" "-e" "SOURCE_DIR=/opt/rustwide/workdir" "-e" "CARGO_TARGET_DIR=/opt/rustwide/target" "-e" "CARGO_HOME=/opt/rustwide/cargo-home" "-e" "RUSTUP_HOME=/opt/rustwide/rustup-home" "-w" "/opt/rustwide/workdir" "-m" "1610612736" "--user" "0:0" "--network" "none" "rustops/crates-build-env@sha256:a636fd89d022f18117e1dc8fb37a0a009933cdbbe082814857f0e2024962d47c" "/opt/rustwide/cargo-home/bin/cargo" "+cfbc6d4cf1acbac5c025acf8ed68929caa551df3" "metadata" "--no-deps" "--format-version=1", kill_on_drop: false }`
[INFO] [stdout] 6a4a9cdc420202971f52196fafd9e178b04624b316def720b31ea89c213b087e
[INFO] [stderr] WARNING: Your kernel does not support swap limit capabilities or the cgroup is not mounted. Memory limited without swap.
[INFO] running `Command { std: "docker" "start" "-a" "6a4a9cdc420202971f52196fafd9e178b04624b316def720b31ea89c213b087e", kill_on_drop: false }`
[INFO] running `Command { std: "docker" "inspect" "6a4a9cdc420202971f52196fafd9e178b04624b316def720b31ea89c213b087e", kill_on_drop: false }`
[INFO] running `Command { std: "docker" "rm" "-f" "6a4a9cdc420202971f52196fafd9e178b04624b316def720b31ea89c213b087e", kill_on_drop: false }`
[INFO] [stdout] 6a4a9cdc420202971f52196fafd9e178b04624b316def720b31ea89c213b087e
[INFO] running `Command { std: "docker" "create" "-v" "/var/lib/crater-agent-workspace/builds/worker-1/target:/opt/rustwide/target:rw,Z" "-v" "/var/lib/crater-agent-workspace/builds/worker-1/source:/opt/rustwide/workdir:ro,Z" "-v" "/var/lib/crater-agent-workspace/cargo-home:/opt/rustwide/cargo-home:ro,Z" "-v" "/var/lib/crater-agent-workspace/rustup-home:/opt/rustwide/rustup-home:ro,Z" "-e" "SOURCE_DIR=/opt/rustwide/workdir" "-e" "CARGO_TARGET_DIR=/opt/rustwide/target" "-e" "CARGO_INCREMENTAL=0" "-e" "RUST_BACKTRACE=full" "-e" "RUSTFLAGS=--cap-lints=forbid" "-e" "CARGO_HOME=/opt/rustwide/cargo-home" "-e" "RUSTUP_HOME=/opt/rustwide/rustup-home" "-w" "/opt/rustwide/workdir" "-m" "1610612736" "--user" "0:0" "--network" "none" "rustops/crates-build-env@sha256:a636fd89d022f18117e1dc8fb37a0a009933cdbbe082814857f0e2024962d47c" "/opt/rustwide/cargo-home/bin/cargo" "+cfbc6d4cf1acbac5c025acf8ed68929caa551df3" "check" "--frozen" "--all" "--all-targets" "--message-format=json", kill_on_drop: false }`
[INFO] [stdout] 4f7aa4b6921b7e761aa8277806b0b4d48fe245785fb150770e3e5d71db3415ac
[INFO] [stderr] WARNING: Your kernel does not support swap limit capabilities or the cgroup is not mounted. Memory limited without swap.
[INFO] running `Command { std: "docker" "start" "-a" "4f7aa4b6921b7e761aa8277806b0b4d48fe245785fb150770e3e5d71db3415ac", kill_on_drop: false }`
[INFO] [stderr]    Compiling openblas-src v0.5.4
[INFO] [stderr]    Compiling gcc v0.3.53
[INFO] [stderr]    Compiling matrixmultiply v0.1.13
[INFO] [stderr]     Checking rustc-serialize v0.3.24
[INFO] [stderr]     Checking lazy_static v0.2.8
[INFO] [stderr]     Checking either v1.1.0
[INFO] [stderr]    Compiling ndarray v0.10.5
[INFO] [stderr]     Checking rawpointer v0.1.0
[INFO] [stderr]    Compiling quote v0.2.3
[INFO] [stderr]     Checking utf8-ranges v1.0.0
[INFO] [stderr]     Checking dtoa v0.4.2
[INFO] [stderr]     Checking memchr v1.0.1
[INFO] [stderr]     Checking rand v0.3.16
[INFO] [stderr]     Checking blas-sys v0.6.9
[INFO] [stderr]     Checking time v0.1.38
[INFO] [stderr]     Checking num-integer v0.1.35
[INFO] [stderr]     Checking rmp v0.8.7
[INFO] [stderr]     Checking nix v0.9.0
[INFO] [stderr]     Checking thread_local v0.3.4
[INFO] [stderr]    Compiling syn v0.8.7
[INFO] [stderr]     Checking itertools v0.6.2
[INFO] [stderr]    Compiling syn v0.11.11
[INFO] [stderr]     Checking clap v2.26.0
[INFO] [stderr]     Checking num-iter v0.1.34
[INFO] [stderr]     Checking serde_json v1.0.2
[INFO] [stderr]     Checking aho-corasick v0.6.3
[INFO] [stderr]     Checking rmp-serde v0.13.6
[INFO] [stderr]     Checking num v0.1.40
[INFO] [stderr]     Checking uuid v0.4.0
[INFO] [stderr]     Checking float-cmp v0.2.4
[INFO] [stderr] error: failed to run custom build command for `openblas-src v0.5.4`
[INFO] [stderr] 
[INFO] [stderr] Caused by:
[INFO] [stderr]   process didn't exit successfully: `/opt/rustwide/target/debug/build/openblas-src-366ee36c031b9cf6/build-script-build` (exit code: 101)
[INFO] [stderr]   --- stdout
[INFO] [stderr]   Running: `"make" "libs" "netlib" "shared" "BINARY=64" "YES_CBLAS=1" "YES_LAPACKE=1" "-j16"`
[INFO] [stderr] 
[INFO] [stderr]   --- stderr
[INFO] [stderr]   /usr/bin/ld: cannot open output file getarch: Read-only file system
[INFO] [stderr]   collect2: error: ld returned 1 exit status
[INFO] [stderr]   make: *** [Makefile.prebuild:54: getarch] Error 1
[INFO] [stderr]   Makefile.system:958: Makefile.: No such file or directory
[INFO] [stderr]   make: *** No rule to make target 'Makefile.'.  Stop.
[INFO] [stderr]   thread 'main' panicked at 'Failed: `"make" "libs" "netlib" "shared" "BINARY=64" "YES_CBLAS=1" "YES_LAPACKE=1" "-j16"` (exit code: 2)', /opt/rustwide/cargo-home/registry/src/github.com-1ecc6299db9ec823/openblas-src-0.5.4/build.rs:39:13
[INFO] [stderr]   stack backtrace:
[INFO] [stderr]      0:     0x5603511e0395 - backtrace::backtrace::libunwind::trace::h5e2646fa3eddf2ea
[INFO] [stderr]                                  at /cargo/registry/src/github.com-1ecc6299db9ec823/backtrace-0.3.46/src/backtrace/libunwind.rs:86
[INFO] [stderr]      1:     0x5603511e0395 - backtrace::backtrace::trace_unsynchronized::hb95dd7f77ce47877
[INFO] [stderr]                                  at /cargo/registry/src/github.com-1ecc6299db9ec823/backtrace-0.3.46/src/backtrace/mod.rs:66
[INFO] [stderr]      2:     0x5603511e0395 - std::sys_common::backtrace::_print_fmt::h5e71b67af43fd70d
[INFO] [stderr]                                  at src/libstd/sys_common/backtrace.rs:78
[INFO] [stderr]      3:     0x5603511e0395 - <std::sys_common::backtrace::_print::DisplayBacktrace as core::fmt::Display>::fmt::hdb4a83d2b61107e5
[INFO] [stderr]                                  at src/libstd/sys_common/backtrace.rs:59
[INFO] [stderr]      4:     0x5603512022fc - core::fmt::write::ha20e7262fa3e8a7a
[INFO] [stderr]                                  at src/libcore/fmt/mod.rs:1076
[INFO] [stderr]      5:     0x5603511de322 - std::io::Write::write_fmt::h1aebfe8a5a79e36d
[INFO] [stderr]                                  at src/libstd/io/mod.rs:1537
[INFO] [stderr]      6:     0x5603511e27d0 - std::sys_common::backtrace::_print::h9c07314cc66ba539
[INFO] [stderr]                                  at src/libstd/sys_common/backtrace.rs:62
[INFO] [stderr]      7:     0x5603511e27d0 - std::sys_common::backtrace::print::hd1fd65f49a2d8544
[INFO] [stderr]                                  at src/libstd/sys_common/backtrace.rs:49
[INFO] [stderr]      8:     0x5603511e27d0 - std::panicking::default_hook::{{closure}}::h222da46485ab36fc
[INFO] [stderr]                                  at src/libstd/panicking.rs:198
[INFO] [stderr]      9:     0x5603511e251c - std::panicking::default_hook::hc5868949d129ed00
[INFO] [stderr]                                  at src/libstd/panicking.rs:217
[INFO] [stderr]     10:     0x5603511e2e13 - std::panicking::rust_panic_with_hook::h26a6ab8b0993c0c8
[INFO] [stderr]                                  at src/libstd/panicking.rs:526
[INFO] [stderr]     11:     0x5603511e2a0b - rust_begin_unwind
[INFO] [stderr]                                  at src/libstd/panicking.rs:437
[INFO] [stderr]     12:     0x5603511e297b - std::panicking::begin_panic_fmt::h2ff295231415d4a6
[INFO] [stderr]                                  at src/libstd/panicking.rs:391
[INFO] [stderr]     13:     0x5603511caa15 - build_script_build::run::hdd4675a0b50ddf1c
[INFO] [stderr]                                  at /opt/rustwide/cargo-home/registry/src/github.com-1ecc6299db9ec823/openblas-src-0.5.4/build.rs:39
[INFO] [stderr]     14:     0x5603511ca209 - build_script_build::main::hae837a9a8cd98d12
[INFO] [stderr]                                  at /opt/rustwide/cargo-home/registry/src/github.com-1ecc6299db9ec823/openblas-src-0.5.4/build.rs:18
[INFO] [stderr]     15:     0x5603511d609b - std::rt::lang_start::{{closure}}::hc123e3e7a8007459
[INFO] [stderr]                                  at /rustc/cfbc6d4cf1acbac5c025acf8ed68929caa551df3/src/libstd/rt.rs:67
[INFO] [stderr]     16:     0x5603511e31e3 - std::rt::lang_start_internal::{{closure}}::h84a998219831fa70
[INFO] [stderr]                                  at src/libstd/rt.rs:52
[INFO] [stderr]     17:     0x5603511e31e3 - std::panicking::try::do_call::he8e1d689a3e26def
[INFO] [stderr]                                  at src/libstd/panicking.rs:348
[INFO] [stderr]     18:     0x5603511e31e3 - std::panicking::try::h264b6eebc2fa7bbf
[INFO] [stderr]                                  at src/libstd/panicking.rs:325
[INFO] [stderr]     19:     0x5603511e31e3 - std::panic::catch_unwind::hbf28fafa723b2128
[INFO] [stderr]                                  at src/libstd/panic.rs:394
[INFO] [stderr]     20:     0x5603511e31e3 - std::rt::lang_start_internal::he959aa59bc3ec202
[INFO] [stderr]                                  at src/libstd/rt.rs:51
[INFO] [stderr]     21:     0x5603511d6077 - std::rt::lang_start::he979edb7e13b90e8
[INFO] [stderr]                                  at /rustc/cfbc6d4cf1acbac5c025acf8ed68929caa551df3/src/libstd/rt.rs:67
[INFO] [stderr]     22:     0x5603511cab3a - main
[INFO] [stderr]     23:     0x7f685cd2e0b3 - __libc_start_main
[INFO] [stderr]     24:     0x5603511c817e - _start
[INFO] [stderr]     25:                0x0 - <unknown>
[INFO] [stderr] warning: build failed, waiting for other jobs to finish...
[INFO] [stderr] error: build failed
[INFO] running `Command { std: "docker" "inspect" "4f7aa4b6921b7e761aa8277806b0b4d48fe245785fb150770e3e5d71db3415ac", kill_on_drop: false }`
[INFO] running `Command { std: "docker" "rm" "-f" "4f7aa4b6921b7e761aa8277806b0b4d48fe245785fb150770e3e5d71db3415ac", kill_on_drop: false }`
[INFO] [stdout] 4f7aa4b6921b7e761aa8277806b0b4d48fe245785fb150770e3e5d71db3415ac
